 prime factors of (-3)/(-2)*(204/9 - -4).
2, 5
List the prime factors of -4 + (-3694)/12*-6.
19, 97
Let p(c) = 3*c + 6. Let k be 3/2 - (-3)/6. Suppose 2*m = x + k*x - 25, -3*m - 13 = -x. List the prime factors of p(x).
3
Let v(a) = 73*a - 39. What are the prime factors of v(8)?
5, 109
Let f = -21 - -18. Let i be -18 + (1 - 1) + f. Let o = i + 24. List the prime factors of o.
3
Let v be (-6)/(32/(-18) - -2). Let m = 107 - v. List the prime factors of m.
2, 67
Let f(v) = 7*v**2 - v**3 - 8*v - 5 + 0*v - 1 + 2*v. Let j be f(5). Suppose 0 = 3*g - j - 1. List the prime factors of g.
5
List the prime factors of 389 + (2 - (4 + -3)) + 1.
17, 23
Let s(a) = a**3 + 8*a**2 - 9. Let n be (3/6)/((-2)/12). Let z(w) = w**2 + 3*w - 7. Let d be z(n). What are the prime factors of s(d)?
2, 5
Let b(l) = 0 - l**2 - 3*l**3 + 4*l + 4*l**3 - 4. Let a be b(2). Suppose -2*v + v + 39 = 2*h, a = -4*h. List the prime factors of v.
43
List the prime factors of (9960/(-8))/(((-15)/2)/5).
2, 5, 83
Let q(d) = 1208*d**2 - 4*d + 7. List the prime factors of q(2).
4831
Suppose -9*p + 41741 - 2933 = 0. List the prime factors of p.
2, 7, 11
Let d be -3 - (176 + (3 - 5) + -1). List the prime factors of (-17104)/d + 4/(-22).
97
Let r(s) = -2*s**3 + 14*s**2 - s + 7. Let n be r(7). List the prime factors of ((-1)/(-2)*-46)/(n + -1).
23
Let k(w) = -w**3 + 2*w**2 + w - 1. Let s be k(2). Let i(y) = 3*y**3 - y**2 + 1. Let a be i(s). What are the prime factors of 3/((36/32)/a)?
2
Suppose -5*i = -2*y - 4442, 12*i + y = 15*i - 2665. List the prime factors of i.
2, 3, 37
Let p = 2282 + -1421. What are the prime factors of p?
3, 7, 41
Suppose 3033 = -16*q + 25*q. What are the prime factors of q?
337
Let l = 1 - -5. List the prime factors of 12*(9/l + -1).
2, 3
Suppose -3*c - 87 - 15 = 0. List the prime factors of 2*(3 - 2)*c/(-2).
2, 17
Let a be (-5)/(1/((-40)/2)). Suppose 2*i + z = -100, 4*i - 2*z = 2*i - a. Let j = -27 - i. What are the prime factors of j?
23
Suppose -384 = 6*h + 6*h. Let u = h + 100. What are the prime factors of u?
2, 17
Let g = 46 + -42. Suppose -11 = -5*x + 14, 2*x = g*f - 146. What are the prime factors of f?
3, 13
Suppose -b = -4*x - 203, x + 587 = 3*b - 0*b. Let i = 544 - b. List the prime factors of i.
349
List the prime factors of (-1225)/70*(0 + -96).
2, 3, 5, 7
Let k(l) = l**2 + l - 2. Let n be k(-3). Suppose -2*q - 2 = 4*v, 0 = n*v + q + 2 - 1. Suppose v*d + 114 = 2*d. List the prime factors of d.
3, 19
List the prime factors of (-20)/45 - ((-260230)/18)/5.
7, 59
What are the prime factors of (-11 - -10)/(0 + 1/(-151))?
151
Let k(o) = -o**3 + 9*o**2 - 6*o + 3. Let t be k(5). Suppose t = u - 4*n, 5*u - 416 = 4*n - 35. List the prime factors of u.
7, 11
Let m(t) = 10*t**2 - 28*t - 19. List the prime factors of m(15).
1811
Let t(q) be the second derivative of -q**3/6 + q**2 - 5*q. Let i be t(-8). Let n(v) = v**3 - 11*v**2 + 14*v - 14. List the prime factors of n(i).
2, 13
Let p(v) = v**2 + 4*v + 2. Let i be p(14). Suppose -2*a = 4*k - i, -5*k - 2 = -3*a - 314. List the prime factors of k.
3, 7
Let o be 12 - (3 - 0 - 0/7). Suppose 10*v - 100 = o*v. What are the prime factors of v?
2, 5
Suppose f = 1 + 4. Let i(h) = -2*h**3 - 7*h**2 + 4. Let u(y) = -3*y**3 - 13*y**2 + 9. Let v(m) = f*i(m) - 3*u(m). List the prime factors of v(3).
2
Let w(c) = -132*c - 35. Let q be w(-5). Let o = -412 + q. What are the prime factors of o?
3, 71
Let f(a) = -60*a + a**3 + 0*a**2 - 4*a**2 + 53*a - 3. Let c be f(6). Suppose m - 17 = c. What are the prime factors of m?
2, 11
Let u = -69 - -129. Suppose -2*p + 0*p = -l - 4, -4*l = 3*p - 6. Suppose u = -p*n + 6*n. List the prime factors of n.
3, 5
Suppose 3*l = -3*l + 6. Suppose -3*p = -2*m - 16, -m = l - 5. What are the prime factors of p?
2
Suppose k - 5*d = -7, -4*d = -3*k + d - 11. What are the prime factors of (-100)/(-2)*(-7)/k?
5, 7
Suppose -190 - 474 = 8*p. Let u = p + 164. What are the prime factors of u?
3
Let k(p) = 2*p**2 + p + 12. Let b = 63 + -63. List the prime factors of k(b).
2, 3
List the prime factors of 24/42 + 4868/7.
2, 3, 29
Suppose 3*m - 3*h - 48 = 2*h, -4*m = 2*h - 64. Let x = 53 + m. List the prime factors of x.
3, 23
Suppose -4*g + 4*j + 817 = 213, 4*g - 596 = 2*j. What are the prime factors of g?
3, 7
Let u(l) = -2*l - 4*l - 7*l**2 + 5*l + 6. Let s(q) = 15*q**2 + 3*q - 13. Let j(v) = -3*s(v) - 7*u(v). What are the prime factors of j(3)?
3
Let v(h) = 53*h + 25. What are the prime factors of v(3)?
2, 23
Suppose 5*f - 2 = 268. Let z = 107 + f. List the prime factors of z.
7, 23
Suppose 7 + 12 = -3*p + 5*a, a - 5 = 0. Suppose -n - p*n + 2*b + 435 = 0, -2*n + 290 = -5*b. What are the prime factors of n?
5, 29
Let h(k) = -k**3 - 2*k**2 - k. Let u be (-4)/(-26) - (-123)/(-39). Let q be h(u). Suppose w + q = 4*w. What are the prime factors of w?
2
Suppose 56*t + 2244 = 59*t. What are the prime factors of t?
2, 11, 17
Let c = -217 - -535. Let a = c + -219. What are the prime factors of a?
3, 11
Let k = -27 + 27. Suppose k = 5*x - x - v - 25, 5*v + 17 = 2*x. Suppose -5*a + 4*o + 267 = 0, -3*o + o = x. What are the prime factors of a?
3, 17
Let u = 8 + -1. Suppose 5 = 2*y - 7*y - 5*z, 2*y - z = u. What are the prime factors of y?
2
Let f(t) = -3*t**3 - 3*t**2 - 3*t - 3. Let i be f(-2). Let s be 1/(-3) + (-25)/i. List the prime factors of (-2 - -3)/(s/(-38)).
19
Let a = 10 + -11. Let u = a + 20. Suppose 5*o = 4*x + 6 + u, 2*o - 5*x = 10. What are the prime factors of o?
5
Let u(b) = b**2 - 13*b + 31. Let s be u(10). Let r(w) = 68*w**3 + 2*w**2 - 1. What are the prime factors of r(s)?
3, 23
What are the prime factors of -1*(6 - 235) + -6?
223
Suppose -u - 2*u - j + 1178 = 0, 5*j = 4*u - 1577. What are the prime factors of u?
3, 131
Let m = 87 - 51. List the prime factors of m.
2, 3
Let i(q) be the second derivative of -q**4/12 - q**3/6 + 33*q**2 + 3*q. Let j = 42 - 42. List the prime factors of i(j).
2, 3, 11
Suppose f - 105 = -5*u, 0 = 2*u + 3*u + 5*f - 105. What are the prime factors of (-48)/10*((-1141)/u + 1)?
2
Let d(w) = -w**3 + 10*w**2 + w - 6. Let x be ((-120)/(-36))/(2/6). Let n be d(x). List the prime factors of (705/30)/(2/n).
47
Suppose 2*b - 180 = -3*b. Suppose -5*q = 2*u - 0*q - 18, q - b = -4*u. Suppose 0 = -2*c + s + 37, -4*c + 4*s - 60 = -u*c. What are the prime factors of c?
2
Let i = -14 - -19. Suppose 7*z = i*z + 18. List the prime factors of z.
3
Let m(g) = -6*g + 7 - 3*g**3 + 8*g**2 + 4*g**2 + 2*g**3 - 6*g**2. What are the prime factors of m(5)?
2
Suppose -3*q - 35 = -2*k, -4*k + 8 + 8 = 0. Suppose -4*w + 15 = -45. Let x = q + w. List the prime factors of x.
2, 3
Suppose 5*l + 5445 = 5*m, -m - 35 = 5*l - 1154. What are the prime factors of m?
2, 547
Let f be 5 + -5 + 1 + -120. Let d = 380 + f. What are the prime factors of d?
3, 29
Let r = -214 + 146. Let z(d) = -2*d - 38. Let j be z(0). Let c = j - r. What are the prime factors of c?
2, 3, 5
Let l(g) = 27*g - 61. Let k be (-192)/(-14) - (-44)/154. List the prime factors of l(k).
317
Suppose 4*r - 10 - 8 = -3*u, 0 = 4*u + r - 24. Let y be u/(-3)*9/(-2). Suppose -5*k = -h - 0*k - 5, 3*h = 3*k + y. What are the prime factors of h?
5
Suppose -2*q = 3*u - u + 6, -3*u - 11 = q. Let f(y) = -1 - q + 2 + 2*y**2 + y. What are the prime factors of f(-3)?
3, 5
Let z(a) = -a**3 - 2*a**2 + a + 2. Let m be z(-1). Suppose 5*y - y + 2*c - 872 = m, 0 = c. List the prime factors of y.
2, 109
Suppose k + 2*x - 265 - 751 = 0, -2*k - 5*x = -2036. What are the prime factors of k?
2, 3, 7
Let i(v) = -2*v**3 + 2*v**2 - 10*v - 9. List the prime factors of i(-7).
5, 13
Suppose 2*k - 23*k = -55440. What are the prime factors of k?
2, 3, 5, 11
Let n be 0*1/(-2)*1. Let x = -63 - -37. Let o = n - x. List the prime factors of o.
2, 13
Let i(x) = x**3 - 16*x**2 + 32*x + 31. List the prime factors of i(21).
2, 727
Let a be 5/(15*-1)*-30. Let l = a - -1. What are the prime factors of l + (-1 - -1) + -1?
2, 5
Let k(h) = 153*h - 107. List the prime factors of k(33).
2, 7, 353
Let w(j) = -343*j**3 + j**2 - 2*j - 2. What are the prime factors of w(-1)?
2, 43
Suppose -29 = -4*g + 3. Suppose 4*x - 886 = l + 121, -5*x = 5*l - 1265. Suppose -x = 4*u - g*u. What are the prime factors of u?
3, 7
Suppose -5*q + 2*p + 3*p = -7825, 3*q = 2*p + 4693. List the prime factors of q.
3, 521
Let z = -39 